uppose z = 7*w - 53. What is the tens digit of w?
6
Let u be (-1)/(-7)*-4 - (-131295)/(-105). Let f = u + 1771. What is the hundreds digit of f?
5
Suppose 2*h = -3*l - 2*h + 40, 5*l - 20 = 5*h. Suppose 4*w + l = 0, -f = -0*f - w - 14. Suppose 16 = -10*b + f*b. What is the units digit of b?
8
Suppose -5*f + 3489 = 2*n, -9*n + 691 = f - 12*n. Let s = f + -263. What is the hundreds digit of s?
4
Let a(c) = -352*c - 7044. What is the units digit of a(-35)?
6
Suppose x + 5*y = -18507 + 89367, 5*x = -y + 354372. What is the ten thousands digit of x?
7
Let o be 1/2 + (-5178)/(-12). Suppose -o = 34*n - 38*n. Let v = n - 43. What is the units digit of v?
5
Suppose 0 = 2*g - 5*v - 11243, -13703 - 8825 = -4*g - 4*v. What is the thousands digit of g?
5
Let i be (75/5)/((-3 - -4) + 0). Let f = -12 + i. Suppose 2*v + 0*r - 3*r - 75 = 0, 111 = f*v - 4*r. What is the units digit of v?
3
Suppose -962 = -156*z + 130*z. Let g = 69 - 120. What is the units digit of (-4 + z)*(-3 + g/(-9))?
8
Suppose 23*w = 18*w + 15. Suppose -4*v - a = -w*a - 2330, 5*a = 15. What is the tens digit of v?
8
Let l be (28/(-8) + 4)*(-12 - -18). Suppose 6*w - l*t = 204, 4*t - 91 = -3*w - 0*w. What is the tens digit of w?
3
Suppose 4*w + 2 = 6*w. Let m be (-226)/4*w/((-3)/(-6)). Let h = m + 167. What is the units digit of h?
4
Suppose -66*y = -69*y - 96. Let x = y + 20. Let d(u) = -u**3 - 12*u**2 - 7*u + 20. What is the tens digit of d(x)?
0
Suppose -5*c + 2*u + 16 = 0, -3*u - u = -3*c + 18. Suppose -c*q + 382 = m - q, 15 = 3*q. What is the hundreds digit of m?
3
Suppose 14499 = 2*y + 5*k, -6754 = -y + 2*k + 518. What is the units digit of y?
2
What is the tens digit of (-210)/10 - (-5 - 3938)?
2
Suppose -4*l - 7460 = -r + 493, 4*l - 5*r + 7973 = 0. Let a = -732 - l. What is the thousands digit of a?
1
Suppose y + 5 = 10. Suppose -4*u = -y*x + 8, -20 = -4*u - 3*x + x. Let n(w) = 6*w**2 - 7*w + 2. What is the tens digit of n(u)?
3
Suppose 0 = -6*y - 9*y - 6315. Let f = 797 + y. What is the hundreds digit of f?
3
Let j(x) = 3*x**2 + 4*x + 2. Let k be j(-2). Suppose 0 = -k*g + 9*g - 69. Suppose 18*n - g*n = -1320. What is the hundreds digit of n?
2
Let t = -4939 - -4941. Let f(q) = -15*q**3 - q**2 - 3*q. Let c be f(-3). Suppose 0*r = -5*g + t*r + 696, 3*g + 3*r - c = 0. What is the tens digit of g?
3
Suppose 0 = 35*t - 49411 - 25979. Suppose -3*u = 3*l - t, 7*u = -5*l + 5*u + 3578. What is the tens digit of l?
1
Let q be (-1009)/(((-6)/4)/(93/62)). Let f = 1549 - q. What is the hundreds digit of f?
5
Let v = 27 + -39. What is the units digit of v/(-9)*8535/20?
9
Let v be -1*((-10)/5 - -1). Let i(b) = 31*b**2 - 2*b + 1. Let s be i(v). Suppose -t + 157 = -s. What is the units digit of t?
7
Let h(d) = -11*d - 139. Let i be h(-8). What is the hundreds digit of (-15)/9 + (-39610)/i?
7
Suppose -21*t - 124*t + 2693810 = 0. What is the tens digit of t?
7
Let f(d) = -9*d + 28. Let g(i) = -37*i + 112. Suppose 0 = 8*m - m - 182. Let n(y) = m*f(y) - 6*g(y). What is the hundreds digit of n(-7)?
1
Let j be (-8)/(-24) - ((-231)/9 + -2). Suppose -j*l = -32*l - 472. What is the units digit of l*(3 - 21/6)?
9
Suppose -5*p + 9 = -6. Suppose -11 = z + g, p*z = -z - 3*g - 44. What is the tens digit of (-1 + 4)/(z/(-55))?
1
Suppose 4*f + 355 = 5*v + 3*f, -v = -2*f - 80. Suppose 5*r - 394 = 2*j, -v = -r + j + 10. What is the tens digit of r?
7
Suppose -4*b = -23 - 29. Suppose 28*t - 7845 = b*t. What is the tens digit of t?
2
Suppose 10*o - 29 = 31. Let x(u) = -1 + 32*u + 3 - 48*u - o. What is the tens digit of x(-1)?
1
Let y(u) = -5*u - 17. Let r be y(0). What is the units digit of ((-153)/(-36))/r + (-1557)/(-4)?
9
Let s(c) = 15134*c**3 + 2*c**2 + 37*c - 38. What is the hundreds digit of s(1)?
1
Let m(w) be the third derivative of w**5/6 - w**4/24 + w**3 + 2*w**2. Let i(o) = -3*o**3 - 67*o**2 + 46*o + 2. Let q be i(-23). What is the units digit of m(q)?
4
Suppose 0 = -9*r + r + 576308 - 188148. What is the ten thousands digit of r?
4
Let x(d) = 14*d - 13. Let p be x(15). Let y = p - 69. What is the units digit of y?
8
What is the thousands digit of (31/4)/(4 + 54397/(-13604))?
5
Let q(u) = 2*u**2 - 16*u + 33. Let p be q(8). Suppose -p*x + 4 = -35*x. What is the units digit of 11/(-22) - -93*x/(-4)?
6
Let f(s) = -4*s**2 + 3*s - 3. Let d be f(1). Let u be 1 + (1 + 2)/(-1). What is the units digit of u*2/d + 175/7?
6
Suppose -3*z + 296 = 278. What is the hundreds digit of (-20902)/(-49) + z/14?
4
Suppose -191*c = -187*c - 35578 - 12414. What is the thousands digit of c?
1
Let c = -780 + 1621. Suppose 4*y + 556 = 2*r, -26*r - y + c = -23*r. What is the hundreds digit of r?
2
Let g(l) = 345*l**2 + l - 5. Let t = -321 + 323. What is the thousands digit of g(t)?
1
Suppose 0 = -0*b - 51*b + 1141023. Suppose 38*m - b = 5899. What is the tens digit of m?
4
Let d be (1 - (-6 - 1))*533 - 6. Suppose 635 = 3*b - d. What is the tens digit of b?
3
Let g(b) = -2*b**3 - 9*b**2 - 5*b - 4. Let n be g(-4). Let q(u) = 4*u + u**2 + 4*u + n*u - 5*u - 10. What is the units digit of q(-6)?
8
Let m be (101/3)/(10/150). Let w = 274 + -620. Let u = w + m. What is the units digit of u?
9
Let o(m) = -m**3 - 12*m**2 - 23*m + 1. Suppose -5*s + j = 502, 2*j - 95 = -3*s + 4*s. Let g = -112 - s. What is the hundreds digit of o(g)?
1
Let x = -18618 + 31708. What is the hundreds digit of x?
0
Let q(z) = 1457*z - 653. What is the hundreds digit of q(16)?
6
Suppose 0 = 3*g - 12, 2*x + 0*g - 294 = -2*g. Suppose x - 353 = -3*i. What is the units digit of i?
0
Let m = 83356 - 52696. What is the units digit of m?
0
Let z be -4 - -8 - 3/3. Suppose 2*p + 11 = z*x + 3*p, -3*x = -p - 19. Suppose 4*d = 4*m - x*m + 397, 0 = -4*d + 5*m + 391. What is the units digit of d?
9
Suppose 0 = 3*d + 36 - 429. Let k = d + -72. Let w = k - -47. What is the tens digit of w?
0
Let b(z) = 2582*z + 26. Let k be b(-1). Let p = -1260 - k. What is the tens digit of p?
9
Let x = -67 + 104. Let y = 59 - 36. Let g = x - y. What is the units digit of g?
4
Let j be 1/((-98)/21 - -5). What is the hundreds digit of (6129/18)/(j/4)?
4
Let i = 480 - 716. Let b = -224 - i. What is the tens digit of b?
1
Suppose 0 = 21*k - 331737 - 103677. What is the hundreds digit of k?
7
Suppose -m - 9 = 4*p, 5*m - 2*p - 31 = -3*p. Let l(h) = m*h + 5*h + 14*h**2 + 6 - 14*h. What is the tens digit of l(-3)?
3
Let h be (9/15)/(-1) + 6/10. Let u(s) = -s**2 - 3*s + 4. Let p be u(-3). Suppose p*w - 75 = 5*j + 28, h = 5*j - 5. What is the units digit of w?
7
Let m(h) = h**3 - 162*h**2 + 935*h - 614. What is the tens digit of m(158)?
6
Let f = -32152 - -55256. What is the ten thousands digit of f?
2
Suppose 0 = -148*i + 1649650 + 593586. What is the tens digit of i?
5
Let q(d) = -d**3 - 7*d**2 + 6*d + 8. Let a be q(-6). Let z be (-26)/195 - a/30. Suppose -z*j + 118 = 2*m, -5*j = -2*m + 6*m - 232. What is the tens digit of m?
6
Let a(t) = -65*t - 12. Let y = -407 - 106. Let m be y/133 + 2/(-14). What is the hundreds digit of a(m)?
2
Suppose -3*u + 5*r + 86 = -34, 0 = -r. Let w = 238 + u. What is the tens digit of w?
7
Let d = -156 + 158. Let m(y) = 140*y - 19. What is the hundreds digit of m(d)?
2
Let i(n) = 13*n + 32. Let u(p) be the first derivative of -13*p**2/2 - 33*p + 34. Let a(d) = 4*i(d) + 5*u(d). What is the units digit of a(-9)?
0
Let x = 294 - 210. What is the tens digit of (1 - 3) + -1 + x + 13?
9
Suppose -2*n = 3*g - 838, -2*n - 2*g = 2*n - 1676. Suppose k = -3*c + n, k - 3*c + 1640 = 5*k. What is the units digit of k?
7
Suppose 3*b = 363 + 141. Suppose -124 = -3*x - 0*x + 5*g, -4*g - b = -4*x. What is the units digit of x?
3
Suppose 2*w + 4043 + 6215 = 4*h, -h + 2557 = 2*w. What is the hundreds digit of h?
5
Let j = 43 - 32. Let g(p) = -4 + 3 + j*p**2 + 5 - 3 + p. What is the tens digit of g(3)?
0
Let a(v) = 5*v**2 - 17*v - 334. Let o be a(-34). Suppose -g = -2*f - f - 1502, 4*g + 4*f = o. What is the units digit of g?
5
Let m be (5 - 1) + 14/(-14). Suppose -3*y - 22 = -2*f - 0*f, -5*f - 29 = m*y. What is the tens digit of (y/(-10))/(6/435)?
5
Suppose 0 = 108*x - 173067 - 750225. What is the units digit of x?
9
Let p(q) = -48*q + 454. What is the units digit of p(6)?
6
Let y(v) = -7 + 191*v + 181*v - 359*v + 1. Let k(r) = r**3 + 6*r**2 + 4*r + 3. Let f be k(-5). What is the tens digit of y(f